ppose -6*b + 249 = -243. What are the prime factors of b?
2, 41
Suppose -5*g = -15*g + 1110. What are the prime factors of g?
3, 37
Suppose -9*p + 10*p - 101 = 0. Let f(d) = 2*d**2 - 4*d - 1. Let s be f(3). Suppose s*a = -j + 55, 4*j = 5*a + 21 - p. List the prime factors of a.
2, 3
Let k(o) = -o**3 - 4*o**2 + 3*o + 7. Let v be k(-5). Suppose c - 3*c = -q - v, 44 = 5*c - 2*q. What are the prime factors of c?
2, 5
Let q(t) = -t**2 - t + 2. Let f be q(-4). List the prime factors of (-8)/f*50/4.
2, 5
Suppose -12 = -4*r - 5*c + 39, 2*c - 68 = -5*r. List the prime factors of r.
2, 7
Suppose -19*j - 470 = -29*j. List the prime factors of j.
47
Let p(f) = 2*f**2 - 11*f + 14. List the prime factors of p(7).
5, 7
Let k be 6*(-1)/(3/8). Let n be (k/(3 - 1))/1. Let b = n - -21. What are the prime factors of b?
13
Suppose -5*x - 30 = 5*o, 3*o + 16 = -4*x + 7*o. Let u(c) = 14*c + 5. Let j be u(x). What are the prime factors of (-37)/(-13) + (-10)/j?
3
Suppose 5*d - 230 = -7*g + 2*g, 0 = g + 3*d - 36. What are the prime factors of g?
3, 17
Let v(s) be the second derivative of s**4/6 + s**3/3 - 3*s**2 + 11*s. What are the prime factors of v(4)?
2, 17
Suppose -3*a = 2*g + g - 30, 4*a - 72 = 4*g. List the prime factors of a.
2, 7
Let s(m) = 7*m**2 + 3*m - 13. List the prime factors of s(5).
3, 59
Let a = -3 + 1. Let i be ((-8)/6)/(2/6). What are the prime factors of i/(-6)*(-21)/a?
7
What are the prime factors of 3/((-12)/16) - -56?
2, 13
Suppose 2*r - 10 = -0*r. Suppose 0 = r*u - 7 - 38. Let o = 3 + u. List the prime factors of o.
2, 3
Suppose -a = -5*f + 27 + 20, 3*a - 29 = -2*f. Suppose -f + 26 = 2*y. List the prime factors of y.
2
Suppose 3*t + 24 = 54. What are the prime factors of t?
2, 5
Let r be (-1)/2*0/4. Let n = 5 - r. List the prime factors of n - 1 - (-4)/2.
2, 3
Suppose 0 = -4*s + 3*s. Let y be 1/((-1)/(-5)*1). Let m = y - s. List the prime factors of m.
5
Let v(b) = -b**2 - 3*b + 2. Let l be v(-3). Suppose -l*t - 52 = -3*t. List the prime factors of t.
2, 13
Let g(l) = -2*l - 3. Let f be g(-5). Suppose 3*h + 16 = f*h. List the prime factors of h.
2
Let d be (1/1)/((-1)/55). What are the prime factors of (-222)/(-11) - (-10)/d?
2, 5
What are the prime factors of 4 + 205/5 + -2?
43
Let t(y) = 12*y**2 + 9*y + 5. What are the prime factors of t(-3)?
2, 43
Let n = -6 - -15. Suppose -h + n = 2*h. Suppose h*l - l = 4. What are the prime factors of l?
2
Let p(q) = -q**2 + 5*q + 8. Suppose -2*i + t = -16, -3*t - 11 = -5*i + 31. What are the prime factors of p(i)?
2
Suppose 3*x - 2*t = -0*t - 4, 4*x - 2*t + 4 = 0. Suppose -p + x*p + 3 = 0. Suppose -2*v + p*v = -4*n + 10, -3*n + 2 = -2*v. List the prime factors of v.
2
Let h(v) = -v**3 - v - 10. Suppose 4*q + 3*g = -2*g - 20, 8 = -2*g. Let k be h(q). What are the prime factors of k/6*-2*3?
2, 5
Let x(r) = r**3 - 6*r**2 + 5*r + 4. Let b = -12 - -18. List the prime factors of x(b).
2, 17
Let l = 24 + 40. Suppose c - l = -c. What are the prime factors of c?
2
Let k(a) = a**2 - 2*a - 3. Let n be k(3). Suppose q + 4*q - 15 = n. Suppose -q*v + 87 = -m + 14, 3*m - 57 = -3*v. What are the prime factors of v?
23
Let w be 2/4*(3 - 19). Let l = w - -4. Let r = l - -16. List the prime factors of r.
2, 3
Let d be 2/6 + 4/(-12). Let z(x) = 5 + 6*x**2 - 4*x - 2 + d*x**3 - x**3 + 0. What are the prime factors of z(5)?
2
Suppose 3*b = -2 + 11. Let n(w) = -w**3 - 5*w**2 - w - 4. Let d be n(-5). Let y = b - d. What are the prime factors of y?
2
Suppose -5*y - 4 = -4*g, g - 18 = -4*g + 3*y. Suppose 0 = 2*a - 3*v - 26, 2*a - g - 52 = -5*v. What are the prime factors of a?
19
Suppose -5*c = 4*i - 23, 5*i + 7 = 5*c + 2. Suppose -3*s + 5*s = r - 10, -5*r = -c*s - 50. List the prime factors of r.
2, 5
Let k(b) = 1 - b**3 - 4*b**2 + 4*b + 0 + 0*b. Let z be -1*10*1/2. List the prime factors of k(z).
2, 3
Suppose -3*f - 2*d + 61 = 0, -2*d - d = -5*f + 70. List the prime factors of f.
17
List the prime factors of (-4)/4 - -26 - 4.
3, 7
Let y(w) = w**2 - 6*w + 6. Let v be y(6). Suppose 2*a = 3*a - v. What are the prime factors of 51/a*(-1 - -3)?
17
Let w = 19 - 11. What are the prime factors of (-2)/w - 82/(-8)?
2, 5
Suppose 0 = 4*q + q + 5*j + 25, -3*q + 4*j + 6 = 0. Let u be 5/1 + (-4 - q). Suppose -k - u = -22. List the prime factors of k.
19
Suppose 3*v - 31 = 203. What are the prime factors of v?
2, 3, 13
Let j = 3 + 1. Suppose -t = -j*x + 114, 0*x = x + t - 26. List the prime factors of x.
2, 7
Suppose 3*y + 13 = 2*r, 4 + 0 = r + y. What are the prime factors of r?
5
Let y(c) = c**2 + 0*c + 0*c - 2. Let u be y(-2). Suppose -3*z + u*z = -3. What are the prime factors of z?
3
Let s be (-4)/(-22) - (-40)/22. List the prime factors of -1 + -3 + s + 8.
2, 3
Let q = -67 - -480. What are the prime factors of q?
7, 59
Let w = 9 + -6. List the prime factors of w.
3
Let o = -13 + 15. What are the prime factors of o?
2
Suppose 2*t - 116 = -0*t. List the prime factors of t.
2, 29
Let c(n) = -19*n - 12. What are the prime factors of c(-7)?
11
Suppose 5*m - 4*y - 6 = 0, 0 = -2*m - 4*y + 3*y + 5. Let x = m + 4. What are the prime factors of x?
2, 3
List the prime factors of (1*6 - -2)/(5/90).
2, 3
Suppose v - 80 = 3*q, -q - 17 = -5*v + 19. What are the prime factors of (-8)/12 + q/(-3)?
2
Suppose 0 = 5*b - 70 - 155. Let q = -25 + b. What are the prime factors of q?
2, 5
Suppose 14 = -3*d - 4*b, -2*b - 3*b - 25 = 0. Suppose n = 3*g - 5, 0 = 3*n - 2*g - 0 + 1. What are the prime factors of (d*n)/((-8)/(-68))?
17
Let j(x) = -x**2 - 13*x + 6. What are the prime factors of j(-10)?
2, 3
Let w(b) be the third derivative of b**6/120 - b**5/60 + b**3 + b**2. What are the prime factors of w(0)?
2, 3
Suppose -154 = -3*g - 0*v + v, 4*g - 4*v = 192. What are the prime factors of g?
53
Suppose 4*f = 4, -57 = 4*n - 5*f + 4*f. Let z = n - -26. What are the prime factors of z?
2, 3
Let o(y) = 3*y - 6. Let f(q) = -2*q + 2. Let m be f(-2). Let a be o(m). Suppose -3*r + a = -21. List the prime factors of r.
11
Let n = -9 + 9. Suppose r + 13 = 2*m - 15, n = -m - 2*r + 4. What are the prime factors of m?
2, 3
Let b = 129 - 75. List the prime factors of b.
2, 3
Let s(k) = k**3 + 4*k**2 - 7*k - 4. Suppose -3*j - 3*n + 15 = 0, -3*j + 0*j = -5*n + 1. Suppose -j*x - 7 = 8. What are the prime factors of s(x)?
2, 3
Let d be (2 - 1) + 11 - 0. Suppose -4*i - d = -8*i. Suppose i*b - v = 19, -4*b = 4*v - 45 - 7. List the prime factors of b.
2
Suppose 4*i + 0*v - 242 = 5*v, 0 = 2*i + 4*v - 134. What are the prime factors of i?
3, 7
Suppose 235 = 4*k - v, -k - 185 = -4*k - v. What are the prime factors of k?
2, 3, 5
Suppose 3*k - 7*k + 16 = 0. List the prime factors of k.
2
Suppose 56 = 8*m - 0. List the prime factors of m.
7
Let x be (116/2)/(1 + 0). Suppose 5*m - 3*w = -2*w + 133, -2*w = -2*m + x. What are the prime factors of m?
2, 13
Let n = -5 + 10. Let g(z) = 7 + 3*z**3 - 2 - 2*z**3 - 5*z**2. List the prime factors of g(n).
5
Let v(n) = -n**3 + 11*n**2 + 16*n - 12. What are the prime factors of v(12)?
2, 3
Suppose 19 = -2*u + 9. Let d = u + 53. What are the prime factors of d?
2, 3
Let n = -7 - -165. What are the prime factors of n?
2, 79
Let y(p) be the first derivative of -p**5/60 - 5*p**4/12 - p**3/2 - p**2/2 + 3. Let z(s) be the second derivative of y(s). What are the prime factors of z(-9)?
2, 3
Let r(m) = -2*m**3 - 3*m**2 - 3*m - 3. Let d be r(-2). Suppose -d*u + 12*u = 50. What are the prime factors of u?
2, 5
Let k(g) = -g**2 + 9*g - 11. Let p be k(9). Let y = 14 + p. List the prime factors of y.
3
Let s = 2 - -2. Suppose -s*q = -11 - 1. Let h = 8 + q. What are the prime factors of h?
11
List the prime factors of 3/(1/(2 + (1 - 2))).
3
Suppose -5*l + 26 = -3*y, 23 = 5*l + 3. Let a(h) = -h**3 - 7*h**2 + 7*h - 7. Let s be a(-8). List the prime factors of s/((y/11)/(-2)).
11
Suppose 10*s - 17*s = -1134. What are the prime factors of s?
2, 3
Let z(b) = b**3 - 6*b**2 - 9*b + 3. Let p be z(7). Let r = -7 - p. Let i = -2 + r. List the prime factors of i.
2
Suppose -4*n = 0, 0 = -2*h + n + 4*n + 18. Let l(w) = 6 + 6*w**2 - 13*w + 4*w + 4*w**2 - w**3. What are the prime factors of l(h)?
2, 3
Let z(d) = -2*d**3. Let f be z(1). Let q be 2/(((-4)/1)/f). What are the prime factors of (-2 - 27/(-3))/q?
7
Suppose -5*n = 3*a + 10 - 341, 0 = -a + 2. What are the prime factors 